-5*g - 13. Let s(o) = x*f(o) - 6*a(o). Calculate s(5).
-2
Suppose -80*k = -55*k + 100. Let n(g) = g**3 + 2*g**2 - 6*g - 4. What is n(k)?
-12
Let o be (4/(-2))/(4/(-16)). Let q(j) = 2*j + 7 + 5*j**2 + o*j - 3*j**2 - 2*j. What is q(-5)?
17
Let w(a) = 17*a - a**2 - 35*a + 15*a + 9*a - a**2 + 5. What is w(6)?
-31
Let y be (-1 + 7)*(-28)/(-42). Suppose -8*d + 3*d - 15 = 0, -5*v - 3*d = -21. Suppose 5*w = 2*n + y, -v*n + n + 13 = -w. Let p(m) = 3*m + 1. Calculate p(n).
10
Let l(p) be the first derivative of -7 - 1/2*p**2 - 2/3*p**3 - 1/12*p**4 + 5*p. Let v(q) be the first derivative of l(q). Give v(-5).
-6
Let c = -34 + 45. Let a = c + -5. Suppose -3*t = t + b + 24, -t = -b + a. Let w(k) = k**2 + 6*k - 6. Determine w(t).
-6
Let p(b) = 2*b**2 + 2*b - 3. Let w be p(-4). Let o be ((-24)/w)/((-10)/35). Let f(c) = c**3 - 4*c**2 - c - 2. What is f(o)?
-6
Suppose 3*f = 2*k + 14, k + 9 = 4*f - 2*f. Let t(q) = q**2 - 2*q + 2. Let y(p) = -5*p**2 - 4*p + 7. Let a(j) = -3*t(j) + y(j). What is a(k)?
-9
Suppose 4*y + u + 13 = 0, -8 = -15*y + 18*y - u. Let c(d) = d**3 + 4*d**2 - 7*d - 5. Determine c(y).
25
Let k = -8 - 10. Let n be ((-30)/135)/(4/k). Let w(v) = 3 + 9*v**3 - 2*v**2 - 1 - 1. Calculate w(n).
8
Let q be -5*1 - 0/17. Let g(w) = -4*w - 7. Let p(y) = -3*y - 7. Let x(c) = q*p(c) + 4*g(c). Give x(5).
2
Let t(w) = -w - 6. Let m(k) = -3*k**2 + 45*k - 46. Let u be m(14). What is t(u)?
-2
Let d be 2/3 - (-26)/6. Let t(w) = -10447*w**3 - 6*w - 1 - 17*w**2 + w + 10446*w**3 + 23*w**2. Determine t(d).
-1
Let k(w) = -21*w**2 - 2*w + 2. Let a be (-77)/33 + 2 - (-8)/6. What is k(a)?
-21
Let k be (-6)/2 + (-51 - -62). Let q(g) = -4*g + 30. What is q(k)?
-2
Suppose 33 = 2*l + 7. Let n(g) = g**3 - 14*g**2 + 12*g + 8. What is n(l)?
-5
Let d(u) = 2*u - 4. Suppose 0*y - t - 43 = -3*y, -4*y + 3*t = -59. Suppose 0 = p - 2*p - 5*b + y, 5*p + b = 22. Give d(p).
4
Let a = 25 - 22. Let z(m) = -10*m - 1. Calculate z(a).
-31
Let w = 239 - 244. Let r(t) = 20*t + 14. Let m(c) = 7*c + 5. Let f(v) = -8*m(v) + 3*r(v). What is f(w)?
-18
Suppose -9*v - 1240 + 1276 = 0. Let d(u) = 0 - 3 + 2*u + 0. Give d(v).
5
Let r(v) = -v**2 + 6*v + 3. Let d be r(7). Let g(p) = -8 - 5 + 11 - 119*p**3 + 118*p**3 - 7*p**2 + p**2 - p. Determine g(d).
-30
Let x(w) = -4*w. Let t be x(3). Let l be ((-8)/12)/(2/t). Let r(g) be the first derivative of -g**3/3 + 2*g**2 + 3*g - 26. Determine r(l).
3
Let s(g) be the third derivative of g**4/12 + g**3/2 - 5*g**2 - 1. Determine s(1).
5
Let y(h) = h**3 - 8*h**2 + 6*h. Suppose 7*g = -0*g + 8*g. Suppose g = -2*d - 2*b + 8, 5*d = 7*d - 4*b - 26. Determine y(d).
-7
Let r(g) = g**3 + 4*g**2 + 3*g - 1. Let q be r(-3). Suppose h - 29 = 5*c, -4*c = -5*h + 17 + 23. Let f(z) = 3*z**2 + 1 - h*z**2 - z**2 + z. What is f(q)?
-2
Suppose -5*j = b + 2, -3*b + 31 = -8*b - 4*j. Let c(w) = w**3 + 8*w**2 + 6*w - 1. Determine c(b).
6
Let b(p) = p**2 + 6 - 2*p**2 - 6522*p + 6523*p. Determine b(0).
6
Let g(i) = -5 + 0 + 0*i + 3 + 3 + 2*i. What is g(-1)?
-1
Let a(i) = -14*i - 7. Let g(u) = 21*u + 10. Let q(m) = 7*a(m) + 5*g(m). Let w be 1 + 1 + 2 - 0. Suppose -8*f + 6*f = w. Calculate q(f).
-13
Let d be (-2 - -3)/(3/183). Suppose -d = 2*z - 67. Let h(s) be the first derivative of -s**3/3 + 3*s**2 - 4*s - 2. Give h(z).
5
Suppose -1 - 2 = 4*t - 3*s, s - 14 = -3*t. Suppose u + 95 - 30 = -5*d, 2*d - t*u = -26. Let j = d - -15. Let r(p) = p**3 + p**2 - p - 2. Calculate r(j).
8
Let r(p) be the first derivative of 1/60*p**5 - 1/24*p**4 + 2*p**2 - 1/120*p**6 + 0*p - 5/3*p**3 + 3. Let x(v) be the second derivative of r(v). Calculate x(0).
-10
Let c(g) = 2*g**2 + 8*g. Let d be -5*((-48)/(-20))/4. Calculate c(d).
-6
Let b(j) = -8*j**3 + 4*j**2 - 2*j - 3. Let t(z) = z**3 - z**2 + z + 1. Let f(i) = b(i) + 3*t(i). Give f(-1).
5
Let m(y) = -5*y**3 - 19*y**2 - y + 17. Let k(b) = 2*b**3 + 2*b**2 + b + 1. Let x(j) = -2*k(j) - m(j). Determine x(-15).
-4
Let j(t) be the second derivative of -t**5/20 + t**4/4 + t**3/6 + t**2/2 + t. Suppose -18*d + 21*d = 12. Determine j(d).
-11
Let k = -22 + 22. Let d(g) = -2*g**3 - 3 + 4*g**3 - 3*g**3 + 5 - 20. Calculate d(k).
-18
Let d(a) = 1330108*a + 5 + 31 - 1330112*a. Calculate d(8).
4
Let w(k) = -2*k**3 + 4*k**2 - 4*k + 3. Suppose -8 + 2 = -2*n. Let h be 1 + (n - 3 - -1). Suppose m + h*u - 4*u - 10 = 0, 3*u + 4 = -4*m. Determine w(m).
-5
Let m(i) = -i**3 + 7*i**2 + 10. Suppose 52*f = 19*f + 231. What is m(f)?
10
Let n(f) = -f - 4. Let v be (-2 - -7)*-6*5/(-75). Give n(v).
-6
Let g(p) = -7*p**2 - 37*p + 18. Let i(w) = -w**2 - 4*w + 2. Let d(k) = g(k) - 8*i(k). Let o be 46/14 + (-2)/7. Calculate d(o).
-4
Let b(r) = 5 + 5 - r + 0. Let u(i) = -i**3 + 5*i**2 + 8*i - 14. Let h be u(6). Let l(a) = -7*a - 7. Let z be l(h). Calculate b(z).
3
Let k(j) = -j**2 - 4*j + 8. Let c(d) = -2*d + 12. Suppose 3*b = 2*z - 17 - 1, -2*z = b - 18. Let t be c(z). Give k(t).
-4
Let w(o) = 2*o**2 - 4*o**3 + 2*o**3 - 3*o**2 - 146*o + 145*o. Let q = -10 - -16. Let m be (-8)/q + 3/9. Give w(m).
2
Suppose 0 = -4*a - 4*g + 16, -7 + 27 = a - 3*g. Let n(m) = m - 4. Determine n(a).
4
Let t(c) = 2*c**2 + 10*c - 9. Let x(m) be the first derivative of m**3 + 15*m**2/2 - 14*m + 7. Let r(a) = -8*t(a) + 5*x(a). Give r(-4).
6
Let u(l) = -l**2 + 8*l - 6. Let f be u(4). Let o(j) = 2*j - 21. Let y be o(f). Let z(b) = -10*b**3 - 2*b**2 - b. Determine z(y).
9
Let q(m) = -12*m**3 - 2 - 3*m**2 - 2*m**2 - m + 0*m + 11*m**3 - 4*m. Determine q(-4).
2
Let r(h) be the second derivative of -h**5/4 - h**4/2 - 4*h**3/3 + h**2/2 - 15*h. Let a(o) = o**3 + o**2 + o. Let i(n) = -6*a(n) - r(n). Give i(1).
0
Let k(x) = -13 + 4*x + 11 - 3*x. Let m(l) = -l**2 + 10*l + 5. Let r be m(5). Let n be -1 + r/(5 + 0). Calculate k(n).
3
Let m(t) = 5*t - 10. Suppose 13*b + 2 = -k + 9*b, -3*k - 5*b = -1. What is m(k)?
0
Let m be 6 + (6 + -9 + 3)*-1. Let i(k) = k + 15. Calculate i(m).
21
Let t(j) = -j**2 - 6*j + 4. Let x be 6/(-45) - (-219)/(-45). What is t(x)?
9
Let l be ((3 - 4) + 5)/((-3)/3). Let z(d) = -d**3 - 5 - 129*d**2 + 125*d**2 + 1 - d + 2*d. Calculate z(l).
-8
Let a(f) = -31*f - 30*f - 11 + 60*f. Suppose -4*u - 12 - 16 = 0. What is a(u)?
-4
Let l(b) be the second derivative of -b**3/3 - 3*b. Let y be l(-2). Let k(t) be the third derivative of t**5/60 - t**4/8 + 2*t**3/3 - 4*t**2. What is k(y)?
8
Let y(s) = 22*s + 24*s + 24*s + 10*s**2 + 1 + s**3 - 81*s. Determine y(-11).
1
Let y(l) = 1 - 367*l**2 - 4*l + 368*l**2 - l. Determine y(4).
-3
Let w(l) be the second derivative of -l**6/180 - l**5/120 - l**4/24 - 11*l**3/3 - 15*l. Let q(u) be the second derivative of w(u). Give q(-1).
-2
Let q(n) be the second derivative of -n**6/720 + 11*n**5/120 + n**4/12 - 15*n. Let l(a) be the third derivative of q(a). Determine l(0).
11
Let c(w) = 9*w**2 - 1. Let h be c(1). Suppose 67 = 5*f - 3*r, -3*f - 2*r + 5*r = -45. Let v(b) = -h*b + 1 + f*b + 0. Calculate v(1).
4
Let a = 5 - 1. Let o(x) = a + 1 + 4 + x. Suppose -1120*c - 24 = -u - 1124*c, 0 = -4*u + 5*c - 30. Determine o(u).
9
Let a(i) = -3 - i + i - i. Let y be a(0). Let p(v) = 2*v**2 + v - 3*v + v + 4*v. What is p(y)?
9
Let t(w) = 3*w + 0*w + 2*w - 2*w**2 + 4 - w**3. Let g(c) = c**3 - 58*c**2 + 59*c - 118. Let m be g(57). Calculate t(m).
16
Let z(f) = -f**3 - 11*f**2 + 11*f - 13. Let b be z(-12). Let t(g) = -6*g**2 + 5*g + 1. Let y(k) = -k**2 + k. Let s(h) = b*t(h) + 5*y(h). Calculate s(-2).
3
Let b(f) = -f + 1. Let n(w) = 6*w - 11. Let g be n(5). Suppose 0 = -3*c - 7 + g. Suppose -3*d = -4*z + 20, -c*d - z = d - 5. What is b(d)?
1
Let k(u) = -3*u - 3. Suppose 2*x = -4*b - 42, 0 = 30*b - 32*b - 2*x - 22. What is k(b)?
27
Let k(u) = -u**3 - u - 64*u**2 - 1 + 46*u**2 - 2 + 14 + 31*u**2. What is k(13)?
-2
Let n(k) = 8*k + 15. Let c(x) = -x - 2. Let q(h) = -6*c(h) - n(h). Determine q(-2).
1
Let w(j) = -j**2 + 1. Let k(r) = 7*r**2 - 9*r - 9. Let t(f) = -f**2 + f. Let c(p) = k(p) + 2*t(p). Let h(b) = c(b) + 6*w(b). Let s = -27 - -21. Calculate h(s).
3
Suppose 0 = 14*g + 89 + 51. Let i(q) = q**2 + 11*q + 15. Calculate i(g).
5
Let x(u) = 5*u**2 + u + 1. Let k be 48/(-30)*-5*1. Let i be -2*(k + -4)/8. Determine x(i).
5
Let f(x) = x**2 + 5*x + 4. Suppose -3*l + 2*l + 2*w - 11 = 0, -w + 3 = 0. Let a be (-9)/l - 5/(-25). Suppose 35 = -3*q - 5*b, -2*q = a*q - 2*b + 12. Give f(q).
4
Let w = 38 - 35. Suppos